 y be u/(-10) + i + 45/(-6). Let f(d) = -d. What is f(y)?
5
Let z(a) = -49*a**2 + 62*a - 12. Let m(j) = -45*j**2 + 61*j - 12. Let x(u) = 10*m(u) - 9*z(u). Determine x(5).
23
Suppose -2*w - 6*s - 9 = -s, 0 = -w + s - 1. Suppose 2*u + 7*u - 324 = 0. Let a(z) = 2 + 47*z - 17*z - u*z. Give a(w).
14
Let s(z) = -z**2 + z - 8. Let g(k) = -2*k**2 + k - 16. Let h(y) = -6*g(y) + 11*s(y). Let p be h(0). Let c(j) = -3*j + p*j + 9*j. Give c(1).
14
Suppose -4*q - 106*o - 50 = -108*o, 4*q - 3*o + 49 = 0. Let r(a) = -a - 17. Calculate r(q).
-4
Let l be ((-18)/(-4) - (-8)/(-2))*14. Let f(k) = -k**3 + 5*k - l*k**2 + 1 + 29*k**2 - 17*k**2. Let j = 14 + -8. What is f(j)?
-5
Let h(o) = o**2 - 18*o - 52. Let p(z) = z**3 - 12*z**2 + 17*z - 45. Let y be p(11). Give h(y).
11
Let x(b) = -b + 19. Let w be (-3 - -11)/4 + 8. What is x(w)?
9
Let p(f) = 4*f + 60173 + 0*f - 60109. Calculate p(-10).
24
Let q(f) = 3*f**2 + 2*f - 3. Let c = 627 + -928. Let n = 303 + c. What is q(n)?
13
Let l(h) = -1 - 6*h + 4 + 0 + 8 + 34. Calculate l(7).
3
Let q(u) = -u**2 - 5*u - 11. Let b(m) = 13*m - 5. Let x be b(1). Let z(j) = -3*j - 7. Let i(l) = x*z(l) - 5*q(l). Determine i(1).
5
Let v(x) = 2*x + 6. Let p(d) = 22*d**2 - 3*d - 1. Let k be p(-1). Suppose 0 = s + w - k, -5*s + 5*w - 31 + 131 = 0. Suppose s*l - 26*l - 32 = 0. Calculate v(l).
-10
Let t(y) = -5*y + 17. Let p(o) = -3*o + 16. Let k(l) = 3*p(l) - 2*t(l). Let h be (-4)/(-66)*-3 + 2/11. Calculate k(h).
14
Let h(c) be the first derivative of -c**4/4 + 7*c**3/3 - 5*c**2/2 + 3*c - 123. Suppose 0 = -n + 6*n - 30. Give h(n).
9
Let y = -2 + 0. Let v(f) be the first derivative of -f**6/60 - f**5/15 - f**4/12 + 17*f**2/2 - 27. Let h(x) be the second derivative of v(x). Determine h(y).
4
Let c(r) = 4*r + 10. Suppose 19*w + 4*w - 2*w = 189. Determine c(w).
46
Let w(c) = -5*c - 1. Let m = -11730 - -11724. Give w(m).
29
Let o be (-1)/(2/4) + -5 + 3. Let x(q) = -q**3 - 6*q**2 - 13*q - 8. Let f(i) = i. Let s(v) = -2*f(v) - x(v). Let p be s(o). Let g(l) = 3*l - 5. Determine g(p).
-17
Let r(s) = s - 3. Let i be r(4). Suppose k - i = -2. Let o(j) be the third derivative of 13*j**4/24 + j**3/6 + 903*j**2. Determine o(k).
-12
Let v(c) = -c**2 + 6*c - 1. Let g(p) = -3*p**2 + 14*p - 12. Let i(d) = 3*d**2 - 16*d + 13. Let f(r) = -4*g(r) - 5*i(r). Let q be f(7). Give v(q).
7
Suppose 15 + 5 = 2*s. Let f(o) be the third derivative of o**4/24 - o**3/3 - 109157*o**2. What is f(s)?
8
Suppose 3*h - 11*w = -12*w + 6, 2*h + 10 = 4*w. Let i(m) be the second derivative of -7*m**5/20 + m**4/12 + m**3/6 - m**2/2 + 14*m. What is i(h)?
-6
Let w(c) = c + 1. Suppose -22*f - 5*u + 45 = -27*f, -2*f - 23 = -3*u. Calculate w(f).
-3
Let v = 48 - -54. Let f = v - 99. Let l(n) = 1 + 3*n + 4 - f. Determine l(-2).
-4
Let f(q) = 4*q**3 - q + 0*q**3 + 2*q**2 - 5*q**3 + 1. Suppose 5*i = -h + 10, -455*h + 20 = -5*i - 462*h. What is f(i)?
-11
Suppose -21 = 166*s - 173*s. Let b(k) = k**3 - 5*k**2 - k + 6. Give b(s).
-15
Let k(v) = 5*v**2 + 5*v - 3*v + 3 + v**3 + 4 + 2. Let o be 2*((-22)/4 - -3). Calculate k(o).
-1
Let b(f) be the third derivative of 13*f**4/8 + 7*f**3/6 - 36*f**2 - 86. Determine b(-2).
-71
Suppose 0 = 4*c - 1362 + 1374. Let s(x) = -22*x**2 + 19*x. Let m(f) = -10*f**2 + 9*f. Let r(w) = 13*m(w) - 6*s(w). Calculate r(c).
9
Let l(x) = x**3 + 13*x**2 + 12*x - 11. Suppose r - 23*s = -104, -4*s + 2*s = -3*r - 44. Give l(r).
-11
Let j(x) = -2*x**3 + 4*x**2 - x - 2. Suppose -2*z + 1 = 3*k, 2*z - k + 3 - 8 = 0. What is j(z)?
-4
Let d(k) = 2*k**2 - 7*k - 15. Suppose 2*t = 2*p - 8, 6*p - 7*p = -5*t. Determine d(p).
0
Suppose -3*h + 5 = -1. Let o(m) = 41*m**2 - 60*m - 203. Let x(z) = -15*z**2 + 22*z + 74. Let f(s) = -4*o(s) - 11*x(s). Give f(h).
-2
Let i(q) = -10*q**2 + 12*q - 54 + 8*q**2 + 3*q**2 - 77. Let t be i(7). Let y(s) = -3*s**2 + 4*s - 2. Calculate y(t).
-6
Let z(b) = -3*b - 1. Suppose 0 = 2*q - 2, t + 3 = -q - 0*q. Let h be (-5 - t) + (-2 - -3 - 43). Let u = h + 46. Determine z(u).
-10
Let j(q) be the third derivative of q**6/120 + q**5/10 - 5*q**4/24 - 5*q**3/3 + 234*q**2. Give j(-7).
-24
Let f(o) = o - 7. Let w be (-4)/(-6) - (-3388)/(-231). Determine f(w).
-21
Let m(v) be the first derivative of -v**3/3 + 3*v**2 - 15*v + 290. What is m(9)?
-42
Let f be 3 - 4 - 2 - 1. Let c(p) be the first derivative of -p**4/4 - p**3 + 3*p**2 + 6*p - 109. Give c(f).
-2
Let f(k) = 541*k - 1085*k + 2*k**2 + 561*k + 12. Determine f(-13).
129
Suppose -82*q + 78*q = -372. Let a(h) = 188*h - q*h - 96*h - 9. Calculate a(-7).
-2
Let n(t) = -25*t + 920 + 864 - t**2 - 1731. Determine n(-27).
-1
Let q(j) = 2*j**2 - 10*j - 10. Suppose -5*h - 22*h = -108. Suppose -3*i = h*p - 15 - 9, 3*p = 0. What is q(i)?
38
Let a(m) = 5*m - 6. Let b(g) = 2. Let p(d) = a(d) + 2*b(d). Determine p(1).
3
Suppose 4*o - 32 = 4*m, o + 28 = -5*m + 2*o. Let b = -18 + 30. Let x be b/(-15)*-1 - m/25. Let u(r) = 4*r**2 - r. Give u(x).
3
Let h(m) = -13*m**2 + 5*m + 2. Let l be ((87/6)/29)/((-1)/6). Suppose 17 = -5*f - 3. Let v(o) = 14*o**2 - 6*o - 3. Let t(b) = f*h(b) + l*v(b). Give t(1).
9
Let j(x) = -9*x + 30. Let u be j(5). Let b = u - -23. Let m(i) = -i**3 + 3*i**2 - 11*i**2 + 5*i**2 + 3 - i**2 + b*i. Give m(-5).
-12
Let j(l) = l**3 + 11*l**2 - l + 3. Let f = 3726 - 3737. Calculate j(f).
14
Suppose 0 = -85*v + 103*v + 55*v + 365. Let f(k) = k**3 + 10*k**2 - 3*k - 14. Give f(v).
126
Suppose 0*j + 10 = j. Let v(r) = -r**2 + 6 - 1571142*r + 1571151*r + 6. Give v(j).
2
Let p(v) = -14*v**2 + 4*v - 4. Suppose -43*w - 12*w + 146 = 18*w. What is p(w)?
-52
Let h(f) = -3*f**2 - 9*f + 34. Let x(s) = 7*s**2 + 14*s - 68. Let w(d) = 5*h(d) + 2*x(d). Determine w(2).
-4
Let x(o) be the third derivative of o**4/3 + 5*o**3/3 - 19*o**2. Let c be x(-7). Let v = -44 - c. Let z(p) = -p + 1. Determine z(v).
-1
Let i(l) = -6 - 14 + 8*l - 53 + 63. What is i(0)?
-10
Suppose 2*m - 10 = 2. Let a(k) = m*k + k**2 + 8*k + 5 - 6*k + k. What is a(-7)?
-9
Let m = -902 - -1063. Let h = -165 + m. Let a(s) = 2*s + 8. Determine a(h).
0
Let u(n) = -3*n**2 + n - 2. Let m(f) = -f**3 + 5*f**2 - 7*f + 18. Let a be m(4). Let d(b) = -4*b**2 + b - 2. Let x(l) = a*u(l) - 5*d(l). What is x(-2)?
4
Let o be 8/(-2)*(-9)/(-12). Suppose -31 = -i - 28. Let l(r) = -4*r - 8*r**2 - 3*r**i - 3 + 4*r**3 - 2*r**2 + 14*r**2. What is l(o)?
18
Let a(c) be the third derivative of 1/6*c**3 + 0 + 0*c + 1/24*c**4 - 1/30*c**5 + 1/120*c**6 + 29*c**2. Let i be a(2). Let o(v) = -v + 4. What is o(i)?
1
Suppose -2*t + 21 = j, -j = t + 3*j. Let u(x) = x - 2*x + t + 0*x - 2. What is u(12)?
-2
Let o(s) be the second derivative of -s**3/6 + 6*s**2 - 5*s. Let t = -2240 - -2246. Calculate o(t).
6
Let c(j) be the second derivative of -j**4/6 - 11*j**3/6 + 10*j**2 - 76*j. Let f be c(-7). Let u(s) = -13*s**3 + s**2 - 1. Determine u(f).
13
Let n(x) be the first derivative of x**4/4 + 32*x**3/3 + 59*x**2/2 - 25*x - 142. Let k be n(-30). Let a(v) = v**3 - 5*v**2 + v - 1. Give a(k).
4
Suppose -4*c - 9*c = 65. Let s(k) be the second derivative of 0 + 5/6*k**3 + 7/2*k**2 + 15*k. Give s(c).
-18
Let n be (-2)/10 + 102/(-15). Let m(p) be the third derivative of p**6/120 + 2*p**5/15 + p**4/3 + 6*p**2 - 4*p - 190. Calculate m(n).
-7
Let g(f) = -26*f**2 - 63*f + 88. Let q(m) = -7*m**2 - 16*m + 23. Let k(u) = -6*g(u) + 23*q(u). Calculate k(2).
1
Let f(l) = -6*l**2 - l**3 - 2*l + 0*l + 9567 - 9558. Let k = 58 - 63. Calculate f(k).
-6
Let z(q) be the second derivative of q**4/3 - q**3/3 + 5*q**2/2 + 468*q. Calculate z(4).
61
Let a(d) = -d**2 - 12*d + 51. Let h be a(-15). Let g(m) = 0*m**3 + 7*m**3 + 0*m**3 + 13 - h*m**3 + 9*m**2 + 2*m. Give g(-9).
-5
Let x(q) = 9*q**2. Let l(b) = -2*b**3 - 7*b**2 - 6*b - 10. Let p be l(-5). Let h = -80 + p. Suppose -4*f = -i - h, -6*f + 18 = -2*i - f. What is x(i)?
9
Let l(o) be the third derivative of 1/6*o**3 + 0 - 11*o**2 + 1/24*o**4 + 0*o. Suppose -27 + 7 = 4*b. Determine l(b).
-4
Let y(a) = a**2 + 2. Let g(x) = 4*x**2 - 21*x + 34. Let v(c) = g(c) - 2*y(c). Let r(n) = -n**2 + 11*n - 16. Let l(o) = 5*r(o) + 3*v(o). What is l(4)?
-6
Let k(m) = 7 + 3 - 44 - 2*m - 21. Let p be k(-31). Let i(l) = l**3 - 8*l**2 + 6*l - 4. Determine i(p).
-11
Let x(w) = w**3 + 5*w**2 - 2. Suppose -35*p - 867 - 161 = 222*p. Give x(p).
14
Let z(k) be the second derivative of 5/6*k**3 - 3/2*k**2 - 1/